 - 31. What is the units digit of n(b)?
5
Suppose 5*p + 13 = 93. Suppose -k - 3*k - p = 0. What is the units digit of (-98)/(-5) + k/(-10)?
0
Let l(b) = -5*b + 10. Let o be l(6). What is the units digit of 3 + 4 + (2 - o)?
9
Let k = 888 + -713. What is the units digit of k?
5
Let w be 3/((-1)/4*-4). Suppose w*s - 16 = -3*p + p, 0 = 4*s - 16. Suppose -7*k + 2*k - 20 = 0, -3*k - 50 = -p*i. What is the tens digit of i?
1
Let b = 1531 - 839. What is the tens digit of b?
9
Suppose 2*a - 575 = -3*c, c - 4*a = 182 + 19. What is the tens digit of c?
9
Suppose 181*u = 183*u - 210. Let z = 168 - u. What is the units digit of z?
3
Suppose 17 + 3 = 4*c. Suppose c*y - 132 = y. What is the units digit of y?
3
Suppose -47*o + 5550 = -37*o. What is the hundreds digit of o?
5
Let t(h) = 5*h + 2 - 6*h**2 + 1 + 4*h**2. Let b be t(4). What is the tens digit of 6/(-3) - b*7?
6
Let g(n) = n**3 - 15*n**2 + 2*n - 25. Let c(w) = -2*w**3 + 29*w**2 - 4*w + 51. Let j(y) = 2*c(y) + 5*g(y). What is the tens digit of j(17)?
1
Let c be 3 - ((-27)/6 + 1/(-2)). What is the hundreds digit of (-245)/(-2)*c/5?
1
Suppose -11*a + 14*a + 32839 = 7*f, 0 = 3*a + 9. What is the tens digit of f?
9
Suppose 3*i - 5*d + 270 = 0, -i + 5*i = -5*d - 325. Let z = -1 - i. Suppose -3*r - 3*a = 2*r - 86, 2*a = -5*r + z. What is the units digit of r?
6
Let q(u) = 10*u**2 + 7*u - 6. Let x be q(-7). Suppose 6*c - 1221 = -x. What is the units digit of c?
1
Let k(a) = -a**2 - 72*a + 15. What is the units digit of k(-17)?
0
Let o be 2 + -6 - -13*3. What is the units digit of 2037/o - 1/5?
8
Let q = 8910 + -5397. What is the hundreds digit of q?
5
Let y = 21 - -331. What is the tens digit of (-23 - 1)/((-48)/y)?
7
What is the hundreds digit of 12 + (-1 - -951) + -13?
9
Let m(u) be the third derivative of -33*u**4/8 + u**3/3 + 5*u**2. What is the tens digit of m(-1)?
0
Let w = -338 - -477. Let m = w - 61. What is the units digit of m?
8
Suppose -a + 7230 = 3*f, 26*f - 24*f - 4820 = 4*a. What is the tens digit of f?
1
Suppose j - 3*j = -3*r - 6604, -2*r - 3301 = -j. What is the units digit of j?
5
Suppose 0 = a - 4*p - 461, -812 + 2596 = 4*a - p. What is the hundreds digit of a?
4
Let u(f) be the first derivative of f**3/3 + 2*f**2 + 4*f - 261. Let m(z) = z - 9. Let b be m(0). What is the units digit of u(b)?
9
Let x(l) = -2*l**3 - 4*l**2 + 7*l + 4. Suppose -4*q - w - 7 = -2*q, 0 = -q - 2*w + 1. What is the tens digit of x(q)?
1
Suppose 165 + 122 = k - 2*w, 5*w = k - 287. What is the units digit of k?
7
Suppose 109 = 4*w - 951. What is the units digit of w?
5
Let w(q) = -1 + 31*q + 3 - 4 + 5. Let z(o) = -156*o - 15. Let j(u) = -11*w(u) - 2*z(u). What is the tens digit of j(-2)?
5
Suppose 200 = 25*v - 21*v. Suppose 2*z + 5*o - 194 = -2*z, -2*o + v = z. What is the units digit of z?
6
Suppose 33 - 9 = 4*q + 4*g, q - g + 2 = 0. Suppose 39 = q*m + 3. What is the tens digit of (-2 + -2)/((-3)/m)?
2
Let c = 34 + -30. Suppose a = 6*a - 4*w - 88, -c*w - 8 = -a. What is the units digit of a?
0
Let u = 11817 - 8084. What is the thousands digit of u?
3
Let t(d) be the third derivative of 0*d + 2*d**2 + 0 - 1/24*d**4 - 1/6*d**3. What is the units digit of t(-17)?
6
Let l(t) = 5*t + 39. Let d be l(-8). What is the hundreds digit of (-3)/((-133)/(-588) - d/(-4))?
1
Let t be 77/(-5) - 4/(-10). Let x(y) be the first derivative of -y**4/4 - 5*y**3 - 5*y**2/2 - 21*y - 10. What is the tens digit of x(t)?
5
Let g(p) = -p**2 + 2*p + 4. Suppose 2*d + 3*d = 15. Let q be g(d). Suppose x - q = -5*n, 5*x + 6*n = 2*n + 47. What is the units digit of x?
1
Suppose 4*y = n - 36, -2*n + y + 29 + 8 = 0. Suppose 2*w + 3*z - 20 = 0, -2*z + z + n = 3*w. What is the units digit of w?
4
Suppose 2*x - 88 = -2*t, 0*x - 4*x + 149 = -5*t. Suppose -2*o - x - 52 = -5*m, 0 = 5*o + 20. Let q = m - 0. What is the units digit of q?
7
Let h(l) = l**3 - 26*l**2 - 26*l - 15. Let n be h(27). Suppose -n - 13 = -q. What is the tens digit of q?
2
Suppose 4*k - 14 = -k + 4*t, 4*k - 9 = t. Let g be (-38)/(-12) + (148/(-24) - -6). Suppose g*i - 98 = r, k*i - r = -0*i + 64. What is the tens digit of i?
3
Let g(z) = -z**3 - 2*z**2 + 9*z + 9. Suppose 6*a = 9*a + 18. Let t be 39/(-9) - a/(-9). What is the tens digit of g(t)?
3
What is the hundreds digit of (-3)/(5/79*87/(-290))?
1
Let f(t) = 3 + 4 - 5 + 14*t**2 - t**3. Let d be f(14). What is the tens digit of 29 + (0 + d)/1?
3
What is the tens digit of ((-2)/3)/((-30)/36630)?
1
Suppose -4*b - 22 = -2*n, -4*b + 2*b - 8 = 0. Suppose -17 = -n*x + 55. Let i = x + -2. What is the units digit of i?
2
Let j = 5427 - 2761. What is the thousands digit of j?
2
Suppose 4*y + 13747 = 2*c + 3*c, -5*c + 13751 = -2*y. What is the hundreds digit of c?
7
Let b = -17 - -14. What is the units digit of 1/(b/(-2)) - (-61)/3?
1
Let w(o) = -3*o + o**2 + 3 + 1 - 5 + 10*o. Let n be w(-7). What is the units digit of 11 + (-1 + -4 - n)?
7
What is the thousands digit of (-6)/21*21/12*-3198?
1
Let n be (2 - (-15)/(-9))*(5 + -98). Let f = 100 + n. What is the tens digit of f?
6
Let k be ((-70)/28)/((-2)/(-4)). Let h(n) = 2*n. Let l be h(k). What is the units digit of 56/(-6)*15/l?
4
Let l be (56/(-12))/(5/300). Let x = -97 - l. What is the tens digit of x?
8
Let k be 6/12*134/1. Suppose 3*s + k = j, -2 + 12 = -2*s. What is the units digit of j?
2
Let r be 1/(-10)*-4*50. Suppose -2*b + 5*u - 58 = 0, -5*u + 3*u = b + r. What is the units digit of (-1 - -3)/((-6)/b)?
8
Let j = -18 - -26. Let d(z) = j*z + 1 + 9*z + 15*z. What is the tens digit of d(1)?
3
Suppose 0 = -8*x - 42*x + 72100. What is the units digit of x?
2
Let k(p) = 2*p**2 - 12*p + 21. Suppose 3*m - 8*m = -4*z - 18, -2*z = -6. What is the units digit of k(m)?
1
Let k(t) be the first derivative of t**3/3 - t**2/2 - 10*t - 10. What is the tens digit of k(-4)?
1
Let r(s) = -s + 81. Let u be ((-12)/(-36)*(-1 - -1))/(-2). What is the units digit of r(u)?
1
What is the tens digit of 377/3 + (-20)/(-60)?
2
Let g(q) = 3*q - 13. Let w be g(5). Suppose -w*j - 8*j + 1210 = 0. What is the units digit of j?
1
Let a = 74 + -74. Suppose a = m + 2, -3*z + 3*m + 522 = z. What is the hundreds digit of z?
1
Suppose 0 = 341*y - 339*y - 1294. What is the units digit of y?
7
Let s(z) = 14*z**2 + 36*z + 8. What is the tens digit of s(-4)?
8
Suppose -4*q + 2*g = -9520, 5*q - 10243 = 4*g + 1654. What is the tens digit of q?
8
Let b = -2507 + 3950. What is the tens digit of b?
4
Let q(h) = 5*h**2 - 17*h + 252. What is the hundreds digit of q(13)?
8
Let l be 6 + (2 - 6)*1. Let a be l/9 - (-792)/81. What is the units digit of (-282)/(-15) + 2/a?
9
What is the units digit of (-24)/(-8) + (872 - 3)?
2
Suppose y = 5*u - 9144, 0 = -2*u - 2*y - 84 + 3744. What is the units digit of u?
9
Suppose 4*o + 5*u = 33, 0*u + 5 = 5*o - u. Suppose 0 = 6*n - o*n - 8. What is the units digit of n?
2
Let h(t) = t + 14. Let w be h(-8). What is the tens digit of (-240)/(-20)*(w - 0)?
7
Let j be (13 - (8 + -4))*1. Let b = 61 - j. What is the units digit of b?
2
Let x(o) = 0*o - o**2 - 4*o + 3 - 4*o + 2*o**2. What is the tens digit of x(-3)?
3
Let g(t) = -10*t + 9 - 4 + 5 + 2 + t**2. Let p be g(9). Let r = 22 - p. What is the units digit of r?
9
Let t be 22 + 4 + (-3 - 0). Suppose -3*w - t = -8. Let g(m) = -m**2 - 6*m - 2. What is the units digit of g(w)?
3
Let w be (49/(-21))/(2/(-24)). Suppose f + w = x - 11, f + 147 = 4*x. Suppose 5*s - x = 4*s. What is the tens digit of s?
3
Let w be (-12)/(-10)*(-10)/(-3). Suppose 3*n = -w*a + 240 + 498, n = -2*a + 244. What is the tens digit of n?
5
Let u(i) = 23*i + 19. Let g(s) = -s - 1. Let n(w) = 5*g(w) + u(w). What is the tens digit of n(12)?
3
Suppose 0 = -3*g + 3*l - 21, -5*g + 2*l - l = 31. Suppose -9*o = -7*o + 236. What is the units digit of o/(-6) - (-4)/g?
9
Suppose -5*x - 5*a = -13 - 32, 4*x + a = 21. Suppose -x*q = -301 - 331. What is the tens digit of q?
5
Suppose -4*r = r - 75. Let w(p) = p**3 - 15*p**2 + p - 15. Let j be w(r). What is the units digit of j - -14*(-3)/(-6)?
7
Let x(f) be the first derivative of -2*f + 2 + 5/2*f**2. What is the units digit of x(3)?
3
Suppose 0 = 5*i - 14*i + 3618. What is the units digit of i?
2
Let a(l) = -l**3 + 10*l**2 - 5*l + 7. Let f be a(7). Let k = 179 - f. What is the units digit of k?
0
Let f(m) = 6*m + 4. Let x(u) = u**2 - u. Let v b